f 696/u - (-6)/21.
2, 5
Let o(y) = -y + 2 - 1 + 11. Let a be o(12). Suppose -c + 5*c - 16 = a. List the prime factors of c.
2
Let k be ((-249)/9)/((-5)/15). Suppose 0 = 4*g - 69 - k. Suppose -2*i = -4*i + g. List the prime factors of i.
19
Let t be 3 + 6*(-3 - 30/(-9)). Suppose -4*q + 2*m + 17 = 1, 2*q - 5*m + 8 = 0. Suppose -q*s = -t*s - 13. What are the prime factors of s?
13
What are the prime factors of 2*139*(21 - 399/42)?
23, 139
Let x(i) = 5*i**2 + i - 1. Let h be x(3). Let q(c) = -c - 17. Let p be q(7). Let a = h + p. List the prime factors of a.
23
Let n(h) = -1. Let t(l) = -70*l**3 - l**2 - 5. Let r(g) = 6*n(g) - t(g). What are the prime factors of r(1)?
2, 5, 7
Let q be 411/12 - 2/8. Suppose -2*o + 4*o = q. Suppose 5*y - 5*h = 175, 3*y - 2*h = 125 - o. What are the prime factors of y?
2, 19
Let g = -16 - -19. Suppose 1 = d - g. Suppose f - 3*n + 104 = 5*f, d*f = -2*n + 100. List the prime factors of f.
23
Let m(u) be the second derivative of 2*u**3/3 + u. Let l be m(2). List the prime factors of ((-7)/(-2))/(4/l).
7
Let o be 165/45*3/1. Suppose o*v = -2*v + 2041. What are the prime factors of v?
157
Suppose -6*c = 7*c - 3302. What are the prime factors of c?
2, 127
What are the prime factors of (1/2 + -2)/(1/(-604))?
2, 3, 151
Let n(y) = y**3 + 8*y**2 + y - 1. Let u be -3 - (3 + 13) - -2. Let b = 10 + u. List the prime factors of n(b).
41
Suppose -2*b - v - 7 = b, 0 = b - 4*v - 15. Let q be (-12)/b*8/24. Let m = q + 31. What are the prime factors of m?
5, 7
Suppose -4*b = -2*b. Suppose -2*x + b*f + 2*f + 148 = 0, f = -x + 82. Let d = -50 + x. What are the prime factors of d?
2, 7
Let g(i) = i**3 - 7*i**2 + 5*i + 8. Let x be g(6). Suppose 4*v - 3*c = -0*v + 68, -5*c - 20 = -x*v. List the prime factors of v + 0/(-1 + 4).
2, 5
Suppose -f = 4*f - 215. Let n = -43 - -69. Let u = f - n. List the prime factors of u.
17
Let a(b) = b - 4. Let k be a(6). Suppose k*z - 7 = -3. Suppose 5*x + 9 = -z*w + 58, 4*w + 5*x = 73. What are the prime factors of w?
2, 3
Suppose 0 = 261*g - 253*g - 25152. List the prime factors of g.
2, 3, 131
Let x(g) = -g**2 + 8*g + 33. Let p be x(11). Let r(b) = -b**3 - 2*b**2 + b + 295. What are the prime factors of r(p)?
5, 59
Let t be 0*(-2 - -3) + -57. Let z = 154 + t. List the prime factors of z.
97
Let m be (-4)/3*4230/(-376). Let y = 24 + 10. Let h = y - m. List the prime factors of h.
19
Suppose 492 = -4*n - 2*n. Let d = 235 + n. What are the prime factors of d?
3, 17
Let y be ((-2)/(-4))/((-1103)/(-184) - 6). Let j = -55 - y. What are the prime factors of j?
37
Let o be (-2387)/49 - 6/21. Let f = o - -100. What are the prime factors of f?
3, 17
Let g be 18/(-42) + (-76)/(-14). Suppose -3*q + g = -2*p - 0*q, 0 = -3*p + 3*q. Suppose -f = 4*s - 5, -p*f + 18 = 2*s - 43. List the prime factors of f.
13
Let i(m) = -10*m - 103. Let s(g) = 5*g + 52. Let o(n) = 6*i(n) + 11*s(n). What are the prime factors of o(-20)?
2, 3
Suppose 9*o - 32 = 8*o. Suppose -o = 4*b - 136. List the prime factors of b.
2, 13
Suppose 5*c + 19 = -2*o, -2*c - o - 14 = 3*o. List the prime factors of (c - -260)*2*(-1)/(-2).
257
Suppose 10*d - 387 = 653. What are the prime factors of d?
2, 13
Let u(l) = -l**2 + 4*l - 2. Let b be u(3). Let d be (b + 1)*26/(-4). Let o = d - -19. What are the prime factors of o?
2, 3
Let u = -224 + 325. What are the prime factors of u?
101
Let p be 126/27 + 8/6. Let j be 162/4 - 9/p. Let w = -8 + j. List the prime factors of w.
31
Let a = 14 + -16. Suppose 6*v = -2*t + 3*v + 6, -32 = -4*t + 4*v. What are the prime factors of (-9 - -5)/(a/t)?
2, 3
Suppose -2*k - 5*g = 5, 3 = 3*k - 0*g - 3*g. Let z be (k + -1)/(1/3). List the prime factors of (-85 + 7)*1/z.
2, 13
Let o(a) be the first derivative of -a**4/4 - 14*a**3/3 - 8*a**2 - 2*a - 7. List the prime factors of o(-13).
37
Suppose -11*r + 361 = -1157. What are the prime factors of r?
2, 3, 23
Suppose n + 1833 = 3*j + 4*n, n = -5*j + 3075. What are the prime factors of j?
2, 7, 11
Suppose 114 = 5*f - 126. Let g = 69 - f. What are the prime factors of g?
3, 7
Suppose c = -5*q + 981, -11*c - 5*q + 3954 = -7*c. What are the prime factors of c?
991
Let o(c) = -2*c - 2. Let n be o(-1). Suppose 18*j - 21*j + 384 = n. List the prime factors of j.
2
Suppose -5*u + 0*u + 1640 = 0. Suppose 3*s - 206 = -3*z + 7*s, 5*z - u = -s. Suppose -3*x + z = -x. What are the prime factors of x?
3, 11
Suppose 5*v - 378 = 387. List the prime factors of v.
3, 17
Suppose 0 = -5*t + 4 - 34. Let h(s) = s**2 - 3*s - 10. Let i be h(t). Let u = 1 + i. What are the prime factors of u?
3, 5
Let x be (-1)/(-1)*(30 - 11). Suppose 0 = x*b - 18*b - 38. What are the prime factors of b?
2, 19
Let o be 10*(6/4)/3. Suppose -o*d = 4*d - 1359. List the prime factors of d.
151
Let d(z) = -z**3 + 2*z**2 - z + 81. Let o = -39 + 39. List the prime factors of d(o).
3
Suppose -3303 = -11*i + 4507. List the prime factors of i.
2, 5, 71
Let r(v) = -25*v + 4. Let x be 2*2/2*2. Let p be (16/(-4))/x*2. List the prime factors of r(p).
2, 3
Suppose -5*r - 2*y = -y - 1870, r + 5*y = 350. Suppose q = 2*v + 90, 5*v = -0*q - 5*q + r. What are the prime factors of q?
2, 5
Suppose 0 = 39*g - 42*g + 678. List the prime factors of g.
2, 113
Suppose 7*v = 3*v + 12. Suppose -86 + 339 = 4*i + q, 2*i = v*q + 109. List the prime factors of i.
2, 31
Let a be -4*3/(-4) + -1. Suppose -a*n = -2*c + c - 1, 0 = -c + 3*n - 4. Suppose -c*d = -112 - 133. What are the prime factors of d?
7
Let d = 27 + -221. Let u = -129 - d. What are the prime factors of u?
5, 13
Let r(c) = -23*c**2 + 11*c - 41. Let d(i) = 35*i**2 - 17*i + 62. Let v(t) = -5*d(t) - 8*r(t). List the prime factors of v(3).
2, 3, 5
Let f(x) = -12*x - 1. Let c(g) = 3*g + 25. Let h be c(-10). What are the prime factors of f(h)?
59
Let z(l) = -l**3 + 15*l**2 + l + 7. Let v be z(15). Let d = v - 11. List the prime factors of d.
11
Suppose -11669 = -41*b + 4485. What are the prime factors of b?
2, 197
Let n(v) = 9*v**2 + 13*v - 7. Let o(p) = p**2 + p. Let k(q) = n(q) - 5*o(q). Let d(u) be the first derivative of k(u). List the prime factors of d(7).
2
Let y(t) = -t**2 - 4*t + 10. Let k be y(-5). Suppose 0*u - 10 = -k*u. Suppose -34 = -w - u. List the prime factors of w.
2
Suppose 5*c + 3*d = 4989, -c - 183 = 3*d - 1188. List the prime factors of c.
2, 3, 83
Suppose -3*j + 2069 + 1501 = 0. Suppose -2*s + t = 3*t - 464, 5*s = 5*t + j. What are the prime factors of s?
5, 47
Let s = 36 + -7. Let r(f) = 2*f - 2. Let m be r(3). Let h = m + s. List the prime factors of h.
3, 11
Let d = -18 - -19. Let m(n) = 48*n**2 + 2*n. List the prime factors of m(d).
2, 5
Let u = 3044 + -360. List the prime factors of u.
2, 11, 61
Suppose 3*s - 2936 = 2194. List the prime factors of s.
2, 3, 5, 19
Suppose j + 1105 = 4*q - 1899, 5*q + 3*j - 3772 = 0. What are the prime factors of q?
2, 47
Let v be 0 - 6/(-3) - 31. Let s = v - -28. Let a(r) = 43*r**2 - r + 1. What are the prime factors of a(s)?
3, 5
Suppose 3*g + 210 = 72. Let m = 89 + g. List the prime factors of m.
43
Let n(r) = -3*r**3 + 14*r**2 - 2*r + 13. List the prime factors of n(-7).
2, 13, 67
Let b = 138 + -143. Let t(f) = -f**3 - 5*f**2 - 3*f + 3. What are the prime factors of t(b)?
2, 3
Let l(n) = 2*n + 53. Let c(h) = h + 52. Let r(j) = 6*c(j) - 5*l(j). List the prime factors of r(-5).
67
Let i(k) = 70*k**2 - 9*k - 44. What are the prime factors of i(-3)?
613
Suppose 2*o - 44 = -4*y, 3*o = -3*y - 0*o + 36. Suppose -y - 6 = u. Let v = -3 - u. What are the prime factors of v?
13
Suppose 5*s - 13 - 2 = 0. Suppose 2*n - 4*n = w - 56, s*n - 75 = 3*w. What are the prime factors of n?
3
Let b(h) = -4*h + 3. Let d(k) = -9*k + 6. Let u(w) = 7*b(w) - 3*d(w). Let m be u(6). Let t(g) = 3*g**2 + 2*g - 3. What are the prime factors of t(m)?
2, 3
Let l be (-88 + 0)/(26/(-130)). Suppose l = 4*d - 3*y, d - 2*d + 127 = -5*y. What are the prime factors of d?
107
Let y = 1221 - 598. List the prime factors of y.
7, 89
Suppose -c = -v - 345, -v + 140 = 2*c - 535. What are the prime factors of c?
2, 5, 17
Let r(i) = 13*i**2 + 12*i - 17. List the prime factors of r(7).
2, 11
Let s be (-4)/(-4 - (-3 - -1)). Suppose -5*l - 18 = -i, 8*i + s*l - 90 = 3*i. What are the prime factors of (-3)/((3/i)/(-1))?
2, 3
Let b = 0 + 6. Let g be 16/b - (-2)/6. Suppose 30 = 2*t + g*t. Wh